or of 118910 and 184?
46
Calculate the greatest common divisor of 628 and 1240143.
157
What is the greatest common factor of 307943 and 11720?
293
What is the highest common divisor of 17478 and 54?
18
What is the highest common divisor of 3977 and 129689?
97
What is the greatest common factor of 24096 and 2160?
48
Calculate the highest common divisor of 95 and 13623.
19
What is the highest common divisor of 75 and 30054?
3
What is the greatest common factor of 1090844 and 207?
23
Calculate the greatest common divisor of 1027 and 1040351.
1027
Calculate the greatest common factor of 44252 and 208.
52
Calculate the highest common factor of 31800 and 29400.
600
Calculate the greatest common divisor of 7940 and 80.
20
Calculate the greatest common factor of 88 and 27654.
22
Calculate the highest common factor of 5359 and 1104.
23
Calculate the greatest common factor of 38 and 177631.
19
Calculate the greatest common divisor of 96054 and 3402.
42
Calculate the greatest common divisor of 218160 and 240.
240
Calculate the greatest common divisor of 7370 and 28676.
134
What is the greatest common factor of 391 and 10217?
17
What is the greatest common factor of 3741 and 2451?
129
What is the highest common factor of 352 and 2068?
44
What is the highest common divisor of 584 and 18250?
146
Calculate the greatest common factor of 193376 and 8.
8
Calculate the highest common divisor of 10 and 77230.
10
What is the greatest common factor of 3783 and 3276?
39
What is the greatest common factor of 20135280 and 1740?
1740
What is the greatest common factor of 131 and 1138259?
131
What is the greatest common factor of 21 and 14812?
7
What is the highest common factor of 182 and 172942?
14
What is the greatest common divisor of 6528 and 409632?
1632
Calculate the greatest common divisor of 9843 and 561.
51
Calculate the greatest common divisor of 330 and 124740.
330
What is the highest common factor of 102680 and 20?
20
Calculate the highest common divisor of 455 and 239057.
91
Calculate the greatest common divisor of 2721497 and 53.
53
Calculate the highest common divisor of 181 and 609.
1
Calculate the highest common factor of 197301 and 78.
39
Calculate the highest common divisor of 1935 and 39870.
45
What is the highest common divisor of 83536 and 15272?
184
What is the highest common factor of 5670 and 31990?
70
What is the highest common divisor of 32 and 143912?
8
What is the highest common divisor of 2405032 and 2814?
938
What is the greatest common factor of 131195 and 475?
95
What is the highest common divisor of 189958 and 2114?
302
What is the greatest common factor of 123874 and 17834?
482
What is the greatest common factor of 458 and 6998011?
229
Calculate the highest common divisor of 819 and 15797691.
819
What is the highest common factor of 23206 and 47261?
283
Calculate the greatest common factor of 59296 and 3052.
436
Calculate the highest common divisor of 13784 and 3256.
8
Calculate the highest common divisor of 75 and 705.
15
Calculate the greatest common factor of 120 and 27640.
40
Calculate the greatest common factor of 8320147 and 1507.
1507
Calculate the greatest common divisor of 12256 and 1536.
32
Calculate the highest common divisor of 45536 and 4736.
32
What is the highest common divisor of 3382 and 7790?
38
What is the greatest common divisor of 65 and 175435?
65
What is the highest common factor of 162 and 1656126?
162
Calculate the greatest common factor of 143424 and 6308.
332
What is the greatest common factor of 38842 and 8?
2
Calculate the highest common divisor of 31048 and 8.
8
Calculate the highest common factor of 16852551 and 103.
103
Calculate the highest common factor of 670797 and 438.
219
Calculate the greatest common divisor of 86 and 75379.
43
What is the highest common factor of 135 and 21915?
45
What is the greatest common divisor of 15642 and 23958?
198
Calculate the greatest common divisor of 15 and 226140.
15
Calculate the highest common divisor of 102 and 939471.
51
Calculate the highest common divisor of 159288 and 72.
24
Calculate the greatest common factor of 1169 and 274214.
167
What is the highest common factor of 1814 and 1120145?
907
Calculate the greatest common factor of 38 and 214358.
38
Calculate the highest common factor of 28 and 3208660.
28
What is the highest common factor of 74368 and 72?
8
Calculate the highest common divisor of 114 and 536351.
19
What is the highest common divisor of 20 and 42310?
10
What is the highest common factor of 20776236 and 97?
97
What is the highest common factor of 70 and 146405?
35
What is the highest common divisor of 1983036 and 33?
33
Calculate the greatest common factor of 8943 and 132.
33
What is the highest common divisor of 1276 and 803?
11
What is the highest common divisor of 64971 and 45?
9
Calculate the highest common divisor of 513 and 212021.
19
What is the highest common divisor of 74 and 87283?
37
What is the greatest common factor of 871 and 481?
13
Calculate the highest common factor of 24 and 3794628.
12
Calculate the highest common divisor of 2630 and 2045614.
526
What is the highest common factor of 144 and 943632?
144
Calculate the highest common factor of 234320 and 29.
29
Calculate the highest common factor of 418 and 17085959.
209
What is the greatest common divisor of 4118 and 24998?
58
What is the highest common divisor of 51 and 2143241?
17
What is the highest common divisor of 17063 and 2567?
151
What is the greatest common divisor of 1430616 and 616?
88
Calculate the highest common divisor of 6040 and 3130.
10
Calculate the greatest common divisor of 1095 and 61685.
365
Calculate the greatest common factor of 67184 and 1836.
68
Calculate the highest common factor of 749 and 4627.
7
Calculate the greatest common divisor of 1862074 and 254.
254
What is the greatest common divisor of 1920 and 16512?
384
Calculate the highest common factor of 56088 and 4264.
328
What is the highest common factor of 77658 and 7077?
21
Calculate the greatest common factor of 9 and 911340.
9
What is the highest common divisor of 68 and 33004?
4
Calculate the greatest common factor of 1097706 and 19.
19
What is the greatest common factor of 344668 and 199?
199
Calculate the highest common divisor of 2463 and 229880.
821
What is the greatest common factor of 4256 and 448096?
608
What is the greatest common factor of 748 and 7249?
11
Calculate the greatest common divisor of 26303 and 522.
29
Calculate the highest common factor of 15810 and 2139.
93
Calculate the highest common divisor of 28556 and 847.
121
What is the greatest common factor of 108 and 20748?
12
Calculate the highest common factor of 27873 and 1368.
171
Calculate the greatest common divisor of 64 and 739552.
32
Calculate the greatest common divisor of 16540 and 100.
20
What is the greatest common factor of 174 and 6902?
58
Calculate the highest common divisor of 1044747 and 34221.
2013
Calculate the highest common divisor of 5129 and 2.
1
What is the highest common factor of 345316 and 524?
524
Calculate the highest common divisor of 506 and 5170.
22
What is the greatest common divisor of 34941 and 114?
57
What is the greatest common divisor of 1204 and 7525?
301
What is the greatest common divisor of 84 and 34764?
12
Calculate the greatest common factor of 5313 and 30912.
483
What is the greatest common divisor of 427 and 123586?
61
Calculate the greatest common divisor of 220 and 76670.
110
What is the greatest common factor of 2312 and 2822?
34
What is the greatest common divisor of 14 and 660086?
14
Calculate the greatest common divisor of 243 and 69.
3
What is the highest common divisor of 261582 and 4?
2
What is the greatest common divisor of 1544 and 120818?
386
Calculate the greatest common factor of 51 and 778464.
51
What is the greatest common divisor of 11 and 90167?
11
What is the greatest common divisor of 72 and 448929?
9
What is the highest common divisor of 567567 and 3564?
891
Calculate the greatest common factor of 591423 and 21.
21
What is the greatest common factor of 4224 and 2928?
48
Calculate the greatest common factor of 7 and 157843.
7
What is the greatest common divisor of 101079 and 99?
99
Calculate the highest common factor of 472 and 137848.
8
What is the hig